remainder when 236 is divided by 44.
16
Calculate the remainder when 188 is divided by 95.
93
Calculate the remainder when 86 is divided by 34.
18
What is the remainder when 226 is divided by 29?
23
What is the remainder when 3620 is divided by 3597?
23
What is the remainder when 1673 is divided by 540?
53
Calculate the remainder when 8015 is divided by 19.
16
What is the remainder when 1667 is divided by 93?
86
What is the remainder when 163 is divided by 26?
7
What is the remainder when 973 is divided by 10?
3
What is the remainder when 4291 is divided by 12?
7
Calculate the remainder when 1018 is divided by 222.
130
What is the remainder when 399 is divided by 78?
9
Calculate the remainder when 89 is divided by 9.
8
What is the remainder when 1012 is divided by 39?
37
Calculate the remainder when 373 is divided by 50.
23
Calculate the remainder when 91 is divided by 19.
15
Calculate the remainder when 1041 is divided by 213.
189
What is the remainder when 232 is divided by 14?
8
What is the remainder when 564 is divided by 38?
32
What is the remainder when 1022 is divided by 113?
5
What is the remainder when 40 is divided by 15?
10
What is the remainder when 519 is divided by 65?
64
What is the remainder when 242 is divided by 122?
120
What is the remainder when 1582 is divided by 144?
142
What is the remainder when 49 is divided by 32?
17
Calculate the remainder when 1096 is divided by 284.
244
What is the remainder when 6 is divided by 2?
0
Calculate the remainder when 319 is divided by 7.
4
Calculate the remainder when 39 is divided by 22.
17
What is the remainder when 38 is divided by 33?
5
What is the remainder when 2527 is divided by 158?
157
What is the remainder when 385 is divided by 65?
60
What is the remainder when 33 is divided by 9?
6
What is the remainder when 66 is divided by 16?
2
What is the remainder when 482 is divided by 285?
197
Calculate the remainder when 6943 is divided by 23.
20
What is the remainder when 63 is divided by 52?
11
What is the remainder when 1349 is divided by 54?
53
What is the remainder when 1847 is divided by 44?
43
Calculate the remainder when 56 is divided by 33.
23
Calculate the remainder when 507 is divided by 94.
37
What is the remainder when 505 is divided by 400?
105
Calculate the remainder when 967 is divided by 65.
57
Calculate the remainder when 6371 is divided by 2115.
26
What is the remainder when 857 is divided by 20?
17
Calculate the remainder when 3092 is divided by 238.
236
What is the remainder when 3437 is divided by 43?
40
What is the remainder when 264 is divided by 57?
36
Calculate the remainder when 971 is divided by 478.
15
What is the remainder when 411 is divided by 13?
8
Calculate the remainder when 163 is divided by 4.
3
What is the remainder when 59 is divided by 28?
3
What is the remainder when 750 is divided by 47?
45
What is the remainder when 1247 is divided by 16?
15
Calculate the remainder when 235 is divided by 22.
15
What is the remainder when 866 is divided by 181?
142
Calculate the remainder when 1086 is divided by 68.
66
Calculate the remainder when 1184 is divided by 110.
84
Calculate the remainder when 486 is divided by 166.
154
What is the remainder when 1392 is divided by 137?
22
Calculate the remainder when 1321 is divided by 53.
49
Calculate the remainder when 166 is divided by 28.
26
What is the remainder when 285 is divided by 9?
6
Calculate the remainder when 239 is divided by 64.
47
Calculate the remainder when 227 is divided by 71.
14
What is the remainder when 1205 is divided by 45?
35
What is the remainder when 921 is divided by 22?
19
What is the remainder when 469 is divided by 59?
56
What is the remainder when 71 is divided by 8?
7
Calculate the remainder when 415 is divided by 201.
13
What is the remainder when 198 is divided by 53?
39
What is the remainder when 135 is divided by 48?
39
What is the remainder when 897 is divided by 50?
47
Calculate the remainder when 2141 is divided by 33.
29
What is the remainder when 985 is divided by 15?
10
Calculate the remainder when 231 is divided by 77.
0
What is the remainder when 19 is divided by 14?
5
What is the remainder when 295 is divided by 29?
5
What is the remainder when 51 is divided by 38?
13
Calculate the remainder when 758 is divided by 183.
26
Calculate the remainder when 19 is divided by 4.
3
Calculate the remainder when 1648 is divided by 25.
23
Calculate the remainder when 2154 is divided by 80.
74
What is the remainder when 914 is divided by 237?
203
What is the remainder when 106 is divided by 10?
6
Calculate the remainder when 134 is divided by 20.
14
Calculate the remainder when 79 is divided by 10.
9
What is the remainder when 1453 is divided by 31?
27
What is the remainder when 152 is divided by 70?
12
What is the remainder when 322 is divided by 13?
10
What is the remainder when 15231 is divided by 293?
288
What is the remainder when 1134 is divided by 353?
75
What is the remainder when 294 is divided by 13?
8
What is the remainder when 1254 is divided by 44?
22
Calculate the remainder when 23369 is divided by 15.
14
Calculate the remainder when 3848 is divided by 257.
250
What is the remainder when 6238 is divided by 78?
76
What is the remainder when 1383 is divided by 33?
30
What is the remainder when 346 is divided by 37?
13
What is the remainder when 1110 is divided by 94?
76
What is the remainder when 1088 is divided by 78?
74
Calculate the remainder when 32 is divided by 22.
10
What is the remainder when 834 is divided by 108?
78
What is the remainder when 224 is divided by 139?
85
Calculate the remainder when 4415 is divided by 32.
31
Calculate the remainder when 352 is divided by 41.
24
Calculate the remainder when 1642 is divided by 53.
52
What is the remainder when 5381 is divided by 284?
269
What is the remainder when 3336 is divided by 63?
60
Calculate the remainder when 747 is divided by 25.
22
Calculate the remainder when 107 is divided by 29.
20
What is the remainder when 329 is divided by 70?
49
What is the remainder when 223 is divided by 57?
52
Calculate the remainder when 65 is divided by 34.
31
What is the remainder when 88 is divided by 18?
16
Calculate the remainder when 735 is divided by 46.
45
What is the remainder when 351 is divided by 340?
11
What is the remainder when 419 is divided by 84?
83
Calculate the remainder when 417 is divided by 142.
133
Calculate the remainder when 55 is divided by 18.
1
Calculate the remainder when 392 is divided by 379.
13
Calculate the remainder when 218 is divided by 103.
12
Calculate the remainder when 52 is divided by 45.
7
What is the remainder when 271 is divided by 16?
15
What is the remainder when 174 is divided by 30?
24
What is the remainder when 1055 is divided by 23?
20
Calculate the remainder when 28 is divided by 17.
11
What is the remainder when 88 is divided by 15?
13
What is the remainder when 2047 is divided by 26?
19
Calculate the remainder when 63 is divided by 2.
1
Calculate the remainder when 37 is divided by 23.
14
Calculate the remainder when 280 is divided by 94.
92
Calculate the remainder when 76 is divided by 11.
10
What is the remainder when 1519 is divided by 152?
151
What is the remainder when 259 is divided by 29?
27
What is the remainder when 7013 is divided by 777?
20
What is the remainder when 389 is divided by 10?
9
Calculate the remainder when 5403 is divided by 39.
21
What is the remainder when 14 is divided by 13?
1
What is the remainder when 464 is divided by 23?
4
What is the remainder when 94 is divided by 14?
10
What is the remainder when 259 is divided by 8?
3
What is the remainder when 61 is divided by 54?
7
What is the remainder when 31233 is divided by 137?
134
What is the remainder when 187 is divided by 19?
16
What is the remainder when 374 is divided by 48?
38
What is the remainder when 210 is divided by 53?
51
Calculate the remainder when 2856 is divided by 38.
6
What is the remainder when 501 is divided by 42?
39
Calculate the remainder when 873 is divided by 19.
18
What is the remainder when 1170 is divided by 20?
10
Calculate the remainder when 321 is divided by 100.
21
Calculate the remainder when 155 is divided by 32.
27
Calculate the remainder when 60 is divided b